ulate z(0).
1
Let j = 1043 + -1040. Let m(l) be the third derivative of 1/2*l**j + 0 + 4*l**2 - 7/24*l**4 + 7/60*l**5 + 0*l - 1/120*l**6. Give m(6).
-3
Let h(k) = k + 10. Suppose n = -4*n + 25. Suppose -2*m + 2*c = -18, 0*c + n*c = m - 25. Suppose -5*i + 10 + 0 = -4*l, m*i - 10 = -4*l. Give h(l).
10
Let h(m) = -16*m - 36. Let b be h(-2). Let y(j) = -j - 8. What is y(b)?
-4
Let g(d) = -d**2 - 2*d + 4. Let k be g(-3). Let z(w) = -1 + 2*w - k - w. Let b = -155 - -158. Give z(b).
1
Let q(o) be the third derivative of -o**5/60 - 3*o**4/8 + 3*o**3/2 + o**2. Suppose 0 = 3*b + 23 + 4. Give q(b).
9
Suppose 4 = -5*l + 2*m - 2, -6 = -2*l + 5*m. Let w(x) = x. Let o(u) = -3*u - 3. Let v(n) = -o(n) + 4*w(n). What is v(l)?
-11
Let i(x) = 8*x**2 - 2*x**2 - 2*x**2. Let t be (16/36)/((-12)/(-54)). Give i(t).
16
Let c(f) be the first derivative of -4*f**2 - 28*f - 221. Give c(-5).
12
Suppose 2*u + 4*s - 20 = 0, s - 3 - 4 = -u. Suppose 4*y - d = -y, 0 = u*y + 4*d - 24. Let b(n) = 5*n**3 + n**2 - n. Give b(y).
5
Suppose 0 = w - 5*z + 3, 7 = -2*w + z + 1. Let l(j) = 4*j + 2. Give l(w).
-10
Let y(l) = 9*l**2 + 4*l - 3. Let b = 118 - 117. Let u be y(b). Let n(f) = -f**3 + 10*f**2 + 2*f - 14. Give n(u).
6
Let w(h) be the second derivative of h**3/3 - 11*h**2/2 + 3*h. Give w(5).
-1
Let n(b) = b**3 + b**2 + 2*b + 21. Let t be (7/(-21)*(-1 - -1))/(-7). Calculate n(t).
21
Suppose f = -4*p - 4, 3*f + 26 = 4*p - 9*p. Let n(m) = m + 13. Calculate n(f).
1
Let u(t) = 3*t. Let o be (4 - -1)*-1*2/(-5). Give u(o).
6
Let a be 4/(-10) + 23/(-5). Let d(r) be the second derivative of -r**5/20 - r**4/2 - r**3 - 7*r**2/2 + 37*r. What is d(a)?
-2
Let u be ((-2)/3)/((-4)/(-6)). Let c(k) be the third derivative of 3*k**4/8 - k**3/6 + 3*k**2 + 91*k. Give c(u).
-10
Let s(v) = v**2 - 15*v - 8. Let z be (45/4)/(24/(-16))*-2. Calculate s(z).
-8
Let s(z) = z**2 - 19*z + 5. Let t be ((-9604)/77)/(-7) + 4/22. What is s(t)?
-13
Let x(v) = 2*v**2 - 5*v - 3*v**2 + 1 + 3*v. Suppose -11 = -267*w + 272*w + 2*t, -t - 13 = 5*w. Calculate x(w).
-2
Let y(j) = 5*j**3 - 9*j**2 + 10*j - 6. Let x(q) = -q**3 + q**2 - q. Let r(u) = -4*x(u) - y(u). Suppose -37 + 17 = -5*f. Suppose -9 = -f*a + 7. What is r(a)?
-2
Let t(i) = -i + 1. Let c be (-3)/(-2 + 14) + 141/(-12). Let a(h) = h**3 + 9*h**2 - 34*h + 17. Let l be a(c). Calculate t(l).
8
Let f = 27 + -12. Suppose 3*y + f = 0, -2*y - 33 = -2*i + 3*y. Let v(w) = w**3 - 5*w**2 + 3*w + 2. Determine v(i).
-2
Let j(k) be the first derivative of -k**4/4 + 2*k**3/3 + 7*k**2/2 - 6*k - 2. Suppose t - 10 = 2*u, -4*u - u = -t + 16. Suppose t = -2*q + 14. Calculate j(q).
-10
Let o(n) = -9*n**2 - 4 - 3*n + n**2 - 6*n**2 + 15*n**2. Suppose -7*f + 20 = -3*f. What is o(f)?
6
Let z = -9 - -14. Suppose -z*q - 1 - 4 = 0. Let a(s) = -6*s - 2. Let h(k) = 1. Let g(l) = a(l) + h(l). Give g(q).
5
Let b(w) = 5*w**3 + 19*w**2 - 27*w + 41. Let u(n) = n**3 + 5*n**2 - 6*n + 10. Let a(x) = -2*b(x) + 9*u(x). Calculate a(7).
8
Let i(u) = u + 1. Suppose o + 3 = -h, 4*o + h = -2*h - 10. Let p(k) = -12*k - 5. Let l(x) = o*p(x) - 4*i(x). Give l(-1).
-7
Let z(h) = -10*h - 70. Let r be z(-7). Let s(w) be the second derivative of w**2 + r + 4*w + 1/12*w**4 - 1/6*w**3. Calculate s(0).
2
Let r(t) = -5*t. Let j be r(-1). Let i(s) be the second derivative of -s**5/20 + s**4/2 - 5*s**3/6 + 2*s**2 + 42*s. Determine i(j).
4
Suppose 16 = 4*z, 4*z - 6*z + 23 = -3*d. Let q(c) = -c**2 - 12*c - 4. Determine q(d).
31
Let f be 120/80*(-16)/(-12). Let u(t) = -7*t**2 + 15*t - 15. Let a(z) = -3*z**2 + 7*z - 7. Let o(q) = 13*a(q) - 6*u(q). Calculate o(f).
13
Let o(z) = z**3 + 2*z**2 - 3*z - 2. Let v(i) = 5*i**2 + 25*i - 17. Let a(p) = 3*p**2 + 13*p - 9. Let l(n) = 7*a(n) - 4*v(n). Let w be l(8). Give o(w).
-2
Let c(z) = z**3 - z**2 - z. Suppose -9 = -k - 8. Let m(q) = 3*q**2 - 2*q - 4. Let u(i) = k*m(i) - c(i). Give u(4).
-8
Let x(j) be the second derivative of j**6/360 + j**5/30 - 5*j**4/3 + 21*j. Let o(n) be the third derivative of x(n). Give o(-4).
-4
Let f(z) be the second derivative of 5*z**3/6 - z**2/2 - 7*z. Calculate f(-1).
-6
Let r = -44 + 46. Suppose -25 = -r*f - 3*f. Let s(l) be the second derivative of l**3/6 - 7*l**2/2 - l. Calculate s(f).
-2
Let n(t) = t**3 + 3*t**2 - 4. Suppose 0 = -3*h - 1 - 8. Let r be -4 + 0 - (h - 16). Suppose 3*l + r = -2*l. Give n(l).
-4
Let y(c) = 10 + c + 2*c + 2*c - 14 + 7. Let n(z) = -z**3 - 6*z**2 - 2. Let b be n(-6). Determine y(b).
-7
Let r(j) = -2*j**2. Let o(c) = 13*c**2 + 10*c + 7. Let a(u) = -o(u) - 6*r(u). Let v be 14*(-3)/12*2. Give a(v).
14
Let c(n) = n - 6. Let r(k) = k + 1. Let a(i) = -c(i) - 4*r(i). Determine a(-3).
17
Let y(k) = 20*k**2 - 13*k + 11. Let l(n) = -10*n**2 + 7*n - 6. Let o(w) = -11*l(w) - 6*y(w). Let f = -42 + 53. Suppose -13 = -2*b - f. Determine o(b).
-9
Let g = -1477 + 1488. Let h(z) = -z - 1. Calculate h(g).
-12
Let r(p) = -p**2 + 7*p - 3. Let x be ((-6)/5)/((-5)/(-25)). Let f = 5 + x. Let n be (2 + 4*-2)*f. Determine r(n).
3
Let b(m) = m + 20. Let o be b(-6). Suppose -2*t - o = -0. Let d(f) = f**3 + 8*f**2 + 9*f + 7. Determine d(t).
-7
Let n(w) = 7*w + 2. Let g be ((-7)/(-21))/((-4)/24). Calculate n(g).
-12
Let u(s) = -s**2 - s - 1. Let a(d) = -2*d + 0*d**3 - 3*d**3 - 17 + 2*d**3 - 4*d**2 + d**2. Let y(f) = a(f) - 3*u(f). Let h = 4 - 4. Give y(h).
-14
Let a(u) = -2*u - 1. Suppose 5*m + 5 = 0, 19 = -2*h + 6*h + 5*m. Let t be (-81)/6*(-8)/h. Let y be (-1)/(-3) - (-66)/t. Calculate a(y).
-9
Let w(y) = -y. Let i(n) = -n + 1. Let m(x) = -10*x + 6. Let q(o) = 18*i(o) - 2*m(o). Let k(c) = -q(c) + 2*w(c). Determine k(-4).
10
Let x(c) be the first derivative of 0*c**3 - 2*c - c**2 - 1/4*c**4 - 27. Determine x(-2).
10
Suppose 4*g - 3 = 9. Let b(a) = -2*a - 1 + 4*a - 3*a + 0. What is b(g)?
-4
Let d(x) = -3*x - 10. Suppose 3*w - 9 = 3*k, 2*k = -2*w + 7*w. Calculate d(k).
5
Suppose -3*m - m + 16 = 0. Let i(p) = p**3 - 3*p - 2*p**3 + 0*p**2 + 4*p**2 + m*p. Suppose 3*k + 0*a - 2*a - 10 = 0, -k - a + 5 = 0. Calculate i(k).
4
Let d(i) be the second derivative of i**6/360 - i**5/30 + i**4/8 + 3*i**3 + 11*i. Let f(s) be the second derivative of d(s). What is f(2)?
-1
Let y(w) = -w**2 - 7*w + 4. Let j(c) = c**2 + 5*c - 58. Let o be j(-10). Calculate y(o).
-4
Let a(t) = 23*t - 133. Let i be a(6). Let s(v) = v**2 - 7*v + 3. Give s(i).
-7
Let i(g) be the first derivative of 0*g + 1/3*g**4 + 5 + 3*g**2 + 1/6*g**3. Let l(x) be the second derivative of i(x). Determine l(1).
9
Suppose 5 = 5*p - 5. Let w(j) be the second derivative of 2*j - 1/20*j**5 + 0 - 3/2*j**2 + 0*j**4 + 1/3*j**3. Calculate w(p).
-7
Let g(s) = s + 5. Let b(d) = -8 - 1 + 8. Let x(r) = -11*b(r) - 2*g(r). Calculate x(1).
-1
Let f(k) = -k**2 - 6*k + 6. Suppose -27 + 7 = -5*d. Suppose -52 = 3*m - 4*o, -3*m - 2*o - 50 = -d*o. Let b = 9 + m. Calculate f(b).
-1
Let g(o) = -11*o + 6. Let p(s) = s. Let z(d) = g(d) + 6*p(d). Calculate z(4).
-14
Let x(i) be the first derivative of i**4/4 - i**3/3 + i**2 + 6*i + 89. What is x(0)?
6
Suppose -8*m + 184 = 200. Let u(h) = -2 + 5 - 2 - 2*h - 2*h**2. Determine u(m).
-3
Let n(o) be the first derivative of o**4/4 - o**3 - o**2/2 - 3*o + 62. What is n(3)?
-6
Let t(a) = 9*a + 7. Let z(p) be the third derivative of -p**4/6 - p**3/2 + 6*p**2. Let r(l) = 2*t(l) + 5*z(l). Calculate r(-4).
7
Suppose 2*g + 8 = -4*b, -6*g + 2*g = -b - 11. Let c(l) = -18*l**2 - 3*l + 35*l**g - 15*l**2 + 4*l - 3. Determine c(-3).
12
Let j(t) = -t**2 + t - 2. Let i(y) = -y + 19. Let s be i(14). Suppose 2*o - 3 - s = 0. Determine j(o).
-14
Let i(y) be the third derivative of y**6/40 - y**5/60 + y**4/12 - y**3/2 + 2*y**2. Let f(p) = -p**3 - 5*p**2 + 19*p + 37. Let w be f(-7). Give i(w).
21
Let j be 48/(-72) + 22/6. Suppose j*c = 4*h - 14, 7 = 3*c + 1. Let w(d) = -d**3 + 6*d**2 - 5*d - 2. Give w(h).
-2
Let o(d) = 3*d + 1. Suppose -2*p - 2*p - 92 = -4*t, 3*t - 5*p - 63 = 0. Let z be (0 - 3)/(39/t). Let n be 4 + -1 - z - -1. What is o(n)?
19
Let o(y) = y + 6. Let s(l) = -l**2 + 7. Let v(d) = 5*o(d) - 4*s(d). Let i = -38 + 35. Calculate v(i).
23
Suppose 5*s - 15 = 3*f - 62, s = -2*f + 14. Let g(y) = -y**3 + 8*y**2 + 12*y - 6. Calculate g(f).
21
Let h(l) = -l**2 - 6*l - 9. Let f be (-21)/(-2) - (-3)/(-6). Suppose 13*a = 11*a + f. Let s(m) = m**2 - 6*m - 1. Let g be s(a). What is h(g)?
-9
Let i(g) = -g**2 